516
In base 13, what is -6427239 + 3?
-6427236
In base 11, what is -109 + 2a823?
2a715
In base 10, what is -34651 + -740?
-35391
In base 14, what is 9 + -191800?
-1917d5
In base 5, what is 4 + -213443111?
-213443102
In base 7, what is 233253 + -105235?
125015
In base 5, what is -1141441 + 402132?
-234304
In base 13, what is -c4310678 + -3?
-c431067b
In base 6, what is 10 + -11035304?
-11035254
In base 13, what is 226 + c862?
ca88
In base 12, what is 70 - b5a7?
-b537
In base 2, what is -101101100100010 - 10000011?
-101101110100101
In base 14, what is 8 - -3860176?
3860180
In base 4, what is -10032301 - 23102?
-10122003
In base 14, what is -1581 - -50b?
-1074
In base 9, what is -1422746 + 2?
-1422744
In base 6, what is 2123 + -412151?
-410024
In base 11, what is 3 + 3a62163?
3a62166
In base 9, what is 72 - 64141?
-64058
In base 12, what is 6552b9 + 24?
655321
In base 6, what is -311 - -141551305?
141550554
In base 4, what is -3030302322 - 3?
-3030302331
In base 6, what is 1211 + 1452344?
1453555
In base 6, what is 2 + 1302345042?
1302345044
In base 7, what is 3 + 154216205?
154216211
In base 7, what is 2022600045 + -6?
2022600036
In base 5, what is 12012 + 1211401?
1223413
In base 7, what is 64634 - 1511?
63123
In base 6, what is 312430 - 11310?
301120
In base 14, what is 13a6977 + 2?
13a6979
In base 4, what is -2103 - -31321131?
31313022
In base 14, what is -1 - 2b26cc0?
-2b26cc1
In base 12, what is 4432 - -1707?
5b39
In base 3, what is 201010202212 - -10102?
201010220021
In base 11, what is a - 54157?
-54148
In base 5, what is 142422212243 + -2?
142422212241
In base 12, what is 39644957 + 3?
3964495a
In base 9, what is 20023 - 1777?
17135
In base 3, what is -1100111201 + 22211?
-1100011220
In base 11, what is a077a - -115?
a0894
In base 15, what is -53500 + -d59?
-54359
In base 16, what is 3f8 - -3f4b4?
3f8ac
In base 13, what is 2809c + -1?
2809b
In base 9, what is 658 + 1688735?
1700504
In base 14, what is 70b6 + a3b?
7b13
In base 14, what is -4992570 - 7?
-4992577
In base 7, what is 655046 - -636?
656015
In base 9, what is 1028 + -833654?
-832625
In base 13, what is c9 + -192046?
-191c4a
In base 7, what is -1521434 + 123?
-1521311
In base 11, what is 1786659 + -46?
1786613
In base 16, what is 6 - -3664ec?
3664f2
In base 11, what is 2 - 1327563?
-1327561
In base 9, what is -16020415 - 50?
-16020465
In base 11, what is -2778 + -676a?
-9437
In base 3, what is -2020221200200 + 1220?
-2020221121210
In base 14, what is 3a4934 + 5?
3a4939
In base 9, what is -1160504 + -16?
-1160521
In base 4, what is 10202 - -20002212?
20013020
In base 7, what is 4 - 2136330434?
-2136330430
In base 12, what is 2 + 83293?
83295
In base 11, what is 0 + 32a5614?
32a5614
In base 16, what is -32e6985 + 2?
-32e6983
In base 2, what is -111011 + -10001010111100101110?
-10001010111101101001
In base 3, what is 210220100222 - 21?
210220100201
In base 16, what is 5 + 11ba375?
11ba37a
In base 7, what is -5150236 - 4?
-5150243
In base 14, what is 16177 - 5b7c?
103d9
In base 16, what is 15cef + 35?
15d24
In base 16, what is -21d0 + 1ac22?
18a52
In base 11, what is 78 - -2a9190?
2a9258
In base 2, what is 100110111111000 - -110011011110?
101101011010110
In base 8, what is 1 - -2307467?
2307470
In base 9, what is 2 - 1872448?
-1872446
In base 12, what is -8 - -1899839?
1899831
In base 10, what is -11137 + 25?
-11112
In base 13, what is 1b + -634c706?
-634c6b8
In base 15, what is -1da + 84ed?
8313
In base 9, what is 4843672 - -8?
4843681
In base 12, what is -21 - 62111?
-62132
In base 16, what is -45edc - 47?
-45f23
In base 11, what is -4 - -6a3236?
6a3232
In base 14, what is -4c77 + -305?
-517c
In base 9, what is 111048710 - 10?
111048700
In base 13, what is -1187 + 61b5?
502b
In base 5, what is 141334321 + -33?
141334233
In base 8, what is -3 + -2076350?
-2076353
In base 2, what is 10011010001110 - -11001101100?
10110011111010
In base 5, what is 12013112 - -242?
12013404
In base 13, what is 17924 - 78?
17879
In base 5, what is -1403043 + -22334?
-1430432
In base 9, what is -546817 - 206?
-547124
In base 5, what is 11 - -13440344324?
13440344340
In base 4, what is -2202133130 + -211?
-2202200001
In base 15, what is 2b320 + -11b5?
2a15a
In base 9, what is 5 + 5532400?
5532405
In base 12, what is 23 + 111b5a?
111b81
In base 14, what is -4 + 27466d6?
27466d2
In base 13, what is -2c8495 - 1a?
-2c84b2
In base 8, what is 3 - 1006413031?
-1006413026
In base 11, what is 3 - 19413721?
-19413719
In base 7, what is 23452 + 63044?
116526
In base 10, what is -26688 - -669?
-26019
In base 7, what is -1632253 - 2?
-1632255
In base 3, what is 121020010 - 1120010?
112200000
In base 12, what is -9891b + -8?
-98927
In base 5, what is 301343 + 230124?
1032022
In base 12, what is 7284b06b + 4?
7284b073
In base 16, what is 11c2bc - -3?
11c2bf
In base 8, what is 4 - -54200542?
54200546
In base 7, what is 0 + 2501311250?
2501311250
In base 13, what is 14 - -141aba56?
141aba6a
In base 7, what is -254445011 - 10?
-254445021
In base 16, what is -82dccc + 5?
-82dcc7
In base 11, what is 2711827 + -19?
2711809
In base 11, what is -44156 - -28?
-44129
In base 4, what is -12012320003211 - 2?
-12012320003213
In base 12, what is -93527 - 52b?
-93a56
In base 15, what is 7 - -37cd679?
37cd681
In base 4, what is -1333312 - -3222?
-1330030
In base 5, what is 322210 + -12?
322143
In base 11, what is -155 - -1033255?
1033100
In base 3, what is 12110110 + -12121000?
-10120
In base 10, what is -3 + -43173764?
-43173767
In base 4, what is -212203011312 + 1?
-212203011311
In base 6, what is -4 - 144045504?
-144045512
In base 13, what is bc3b6 + -41c?
bbc97
In base 3, what is 12010121020 - -202220?
12011101010
In base 6, what is 132110 - 5015?
123051
In base 2, what is 1000111011010000010110 + 10?
1000111011010000011000
In base 12, what is -2992 + -30166?
-32b38
In base 9, what is 86 + 25015?
25112
In base 2, what is 101 + 110011101101011010000001?
110011101101011010000110
In base 13, what is -18192ca7 + 3?
-18192ca4
In base 15, what is -c13c1 - 1a?
-c13db
In base 6, what is 423214 - -112?
423330
In base 16, what is -10 + 5df70?
5df60
In base 10, what is -168 + 90153?
89985
In base 15, what is 7edbe - -13c6?
81295
In base 15, what is 9b11c8 - 14?
9b11b4
In base 7, what is 131303023 + -14?
131303006
In base 3, what is 120 + 212100220011022?
212100220011212
In base 2, what is 10110010010100011110001010 + 11111?
10110010010100011110101001
In base 16, what is -b + -d6ba8e?
-d6ba99
In base 10, what is 15 - -753612?
753627
In base 4, what is -310200302123 - 0?
-310200302123
In base 12, what is 667220 + 1?
667221
In base 3, what is 12 + 101212021100012122?
101212021100012211
In base 3, what is -12121220022101 + 12?
-12121220022012
In base 7, what is 35324 - 2642?
32352
In base 9, what is 20 - 21211377?
-21211357
In base 6, what is 4 - -20100540324?
20100540332
In base 4, what is -301 - 3300333312?
-3301000213
In base 5, what is -24124 + -220221?
-244400
In base 8, what is -17173273 + -5?
-17173300
In base 7, what is 13 - -4563262?
4563305
In base 8, what is 5 - 1074052?
-1074045
In base 10, what is -633 - 2688?
-3321
In base 2, what is 11010100100110011110 + -1001?
11010100100110010101
In base 4, what is 11330122003301 + 2?
11330122003303
In base 14, what is -31 - ca5c?
-ca8d
In base 9, what is 16762081 - -1?
16762082
In base 5, what is -12 + -124104142?
-124104204
In base 4, what is 123 + -223001120?
-223000331
In base 8, what is 356143 + -15?
356126
In base 4, what is -2200102310103 - 0?
-2200102310103
In base 6, what is -41310 + 350140?
304430
In base 2, what is -101100000011 + 110110101001010?
110001001000111
In base 16, what is 2bed7 + 10?
2bee7
In base 14, what is -1d88567 + -9?
-1d88572
In base 7, what is -5 - -100136504?
100136466
In base 12, what is -2b06 - -601?
-2505
In base 5, what is 3022 + -21032324?
-21024302
In base 16, what is 20d2f7 + 3?
20d2fa
In base 4, what is -2201313310 + -10?
-2201313320
In base 3, what is -112021102122 - -12?
-112021102110
In base 2, what is 1110110011 + -1110101011010?
-1100110100111
In base 4, what is -21211022 + -10110?
-21221132
In base 8, what is -334550 + 6?
-334542
In base 12, what is -156 - 35b13a?
-35b294
In base 14, what is 93 + -d30a2?
-d300d
In base 2, what is -10000101100001